{"id":250,"date":"2024-03-28T14:07:21","date_gmt":"2024-03-28T14:07:21","guid":{"rendered":"http:\/\/fredparonuzzi.fr\/?page_id=250"},"modified":"2024-11-22T15:11:08","modified_gmt":"2024-11-22T15:11:08","slug":"ateliers-decriture","status":"publish","type":"page","link":"https:\/\/fredparonuzzi.fr\/index.php\/ateliers-decriture\/","title":{"rendered":"Ateliers d&rsquo;\u00e9criture"},"content":{"rendered":"\t\t<div data-elementor-type=\"wp-page\" data-elementor-id=\"250\" class=\"elementor elementor-250\">\n\t\t\t\t<div class=\"elementor-element elementor-element-a664ff4 e-flex e-con-boxed e-con e-parent\" data-id=\"a664ff4\" data-element_type=\"container\" data-e-type=\"container\">\n\t\t\t\t\t<div class=\"e-con-inner\">\n\t\t\t\t\t<\/div>\n\t\t\t\t<\/div>\n\t\t<div class=\"elementor-element elementor-element-0f67174 e-flex e-con-boxed e-con e-parent\" data-id=\"0f67174\" data-element_type=\"container\" data-e-type=\"container\">\n\t\t\t\t\t<div class=\"e-con-inner\">\n\t\t\t\t<div class=\"elementor-element elementor-element-38d1203 elementor-widget elementor-widget-heading\" data-id=\"38d1203\" data-element_type=\"widget\" data-e-type=\"widget\" data-widget_type=\"heading.default\">\n\t\t\t\t<div class=\"elementor-widget-container\">\n\t\t\t\t\t<h2 class=\"elementor-heading-title elementor-size-default\">Ateliers d'\u00e9criture<br><br><br><\/h2>\t\t\t\t<\/div>\n\t\t\t\t<\/div>\n\t\t\t\t\t<\/div>\n\t\t\t\t<\/div>\n\t\t<div class=\"elementor-element elementor-element-548980c e-con-full e-flex e-con e-parent\" data-id=\"548980c\" data-element_type=\"container\" data-e-type=\"container\">\n\t\t\t\t<div class=\"elementor-element elementor-element-0e788cd elementor-widget elementor-widget-image\" data-id=\"0e788cd\" data-element_type=\"widget\" data-e-type=\"widget\" data-widget_type=\"image.default\">\n\t\t\t\t<div class=\"elementor-widget-container\">\n\t\t\t\t\t\t\t\t\t\t\t\t\t\t\t<img fetchpriority=\"high\" decoding=\"async\" width=\"1024\" height=\"562\" src=\"https:\/\/fredparonuzzi.fr\/wp-content\/uploads\/2024\/03\/dessins-version-base-fonce3-1024x562.jpg\" class=\"attachment-large size-large wp-image-475\" alt=\"\" srcset=\"https:\/\/fredparonuzzi.fr\/wp-content\/uploads\/2024\/03\/dessins-version-base-fonce3-1024x562.jpg 1024w, https:\/\/fredparonuzzi.fr\/wp-content\/uploads\/2024\/03\/dessins-version-base-fonce3-300x165.jpg 300w, https:\/\/fredparonuzzi.fr\/wp-content\/uploads\/2024\/03\/dessins-version-base-fonce3-768x421.jpg 768w, https:\/\/fredparonuzzi.fr\/wp-content\/uploads\/2024\/03\/dessins-version-base-fonce3.jpg 1311w\" sizes=\"(max-width: 1024px) 100vw, 1024px\" \/>\t\t\t\t\t\t\t\t\t\t\t\t\t\t\t<\/div>\n\t\t\t\t<\/div>\n\t\t\t\t<\/div>\n\t\t<div class=\"elementor-element elementor-element-7f4e719 e-flex e-con-boxed e-con e-parent\" data-id=\"7f4e719\" data-element_type=\"container\" data-e-type=\"container\">\n\t\t\t\t\t<div class=\"e-con-inner\">\n\t\t<div class=\"elementor-element elementor-element-0dfe396 e-flex e-con-boxed e-con e-child\" data-id=\"0dfe396\" data-element_type=\"container\" data-e-type=\"container\">\n\t\t\t\t\t<div class=\"e-con-inner\">\n\t\t\t\t<div class=\"elementor-element elementor-element-6d010fe elementor-widget elementor-widget-text-editor\" data-id=\"6d010fe\" data-element_type=\"widget\" data-e-type=\"widget\" data-widget_type=\"text-editor.default\">\n\t\t\t\t<div class=\"elementor-widget-container\">\n\t\t\t\t\t\t\t\t\t<p>Dessin : Vincent Djinda<\/p>\t\t\t\t\t\t\t\t<\/div>\n\t\t\t\t<\/div>\n\t\t\t\t\t<\/div>\n\t\t\t\t<\/div>\n\t\t\t\t<div class=\"elementor-element elementor-element-1954af5 elementor-widget elementor-widget-text-editor\" data-id=\"1954af5\" data-element_type=\"widget\" data-e-type=\"widget\" data-widget_type=\"text-editor.default\">\n\t\t\t\t<div class=\"elementor-widget-container\">\n\t\t\t\t\t\t\t\t\t<p>\u00a0<\/p><p>J&rsquo;anime des ateliers d&rsquo;\u00e9criture en milieu scolaire (\u00e9coles primaires, coll\u00e8ges, lyc\u00e9es professionnels, technologiques et g\u00e9n\u00e9raux), lors de salons du livre et en m\u00e9diath\u00e8ques depuis de nombreuses ann\u00e9es. Plus r\u00e9cemment au sein de Centres Hospitaliers et de CHS.\u00a0<\/p><p>C&rsquo;est un domaine dans lequel je m&rsquo;\u00e9panouis tout particuli\u00e8rement et que je souhaite d\u00e9velopper.<\/p><p>Quel immense plaisir, en effet, d&rsquo;accompagner enfants, ados et adultes dans l&rsquo;exploration des diff\u00e9rents chemins de la litt\u00e9rature, avec exigence, certes, mais surtout bienveillance. Et quelle joie d&rsquo;aider un <em>\u00e9crivant<\/em> chevronn\u00e9 ou un novice en mati\u00e8re d&rsquo;\u00e9criture \u00e0 trouver sa si pr\u00e9cieuse (et parfois bien fuyante !) petite musique personnelle.<\/p><p>De la po\u00e9sie (ha\u00efkus, prose po\u00e9tique contemporaine) \u00e0 la fiction, en passant par des textes courts (productions souvent hyper cr\u00e9atives et percutantes), du conte \u00e0 l&rsquo;Oulipo, de l&rsquo;\u00e9criture sc\u00e9naristique au roman-photo (pr\u00e9voir un minimum de 6 heures&#8230; mais r\u00e9sultat bluffant garanti), de nombreuses formules sont possibles. Retenez \u00e9galement que je peux sans probl\u00e8me monter un atelier de toutes pi\u00e8ces selon vos demandes.<\/p><p>Si cette aventure vous tente, n&rsquo;h\u00e9sitez surtout pas \u00e0 me contacter &#8211; directement ou via Adage Pass Culture &#8211; pour obtenir plus de d\u00e9tails.<\/p>\t\t\t\t\t\t\t\t<\/div>\n\t\t\t\t<\/div>\n\t\t\t\t\t<\/div>\n\t\t\t\t<\/div>\n\t\t\t\t<\/div>\n\t\t","protected":false},"excerpt":{"rendered":"<p>Ateliers d&rsquo;\u00e9criture Dessin : Vincent Djinda \u00a0 J&rsquo;anime des ateliers d&rsquo;\u00e9criture en milieu scolaire (\u00e9coles primaires, coll\u00e8ges, lyc\u00e9es professionnels, technologiques et g\u00e9n\u00e9raux), lors de salons du livre et en m\u00e9diath\u00e8ques depuis de nombreuses ann\u00e9es. Plus r\u00e9cemment au sein de Centres Hospitaliers et de CHS.\u00a0 C&rsquo;est un domaine dans lequel je m&rsquo;\u00e9panouis tout particuli\u00e8rement et que [&hellip;]<\/p>\n","protected":false},"author":1,"featured_media":0,"parent":0,"menu_order":0,"comment_status":"closed","ping_status":"closed","template":"","meta":{"ocean_post_layout":"","ocean_both_sidebars_style":"","ocean_both_sidebars_content_width":0,"ocean_both_sidebars_sidebars_width":0,"ocean_sidebar":"","ocean_second_sidebar":"","ocean_disable_margins":"enable","ocean_add_body_class":"","ocean_shortcode_before_top_bar":"","ocean_shortcode_after_top_bar":"","ocean_shortcode_before_header":"","ocean_shortcode_after_header":"","ocean_has_shortcode":"","ocean_shortcode_after_title":"","ocean_shortcode_before_footer_widgets":"","ocean_shortcode_after_footer_widgets":"","ocean_shortcode_before_footer_bottom":"","ocean_shortcode_after_footer_bottom":"","ocean_display_top_bar":"default","ocean_display_header":"default","ocean_header_style":"","ocean_center_header_left_menu":"","ocean_custom_header_template":"","ocean_custom_logo":0,"ocean_custom_retina_logo":0,"ocean_custom_logo_max_width":0,"ocean_custom_logo_tablet_max_width":0,"ocean_custom_logo_mobile_max_width":0,"ocean_custom_logo_max_height":0,"ocean_custom_logo_tablet_max_height":0,"ocean_custom_logo_mobile_max_height":0,"ocean_header_custom_menu":"","ocean_menu_typo_font_family":"","ocean_menu_typo_font_subset":"","ocean_menu_typo_font_size":0,"ocean_menu_typo_font_size_tablet":0,"ocean_menu_typo_font_size_mobile":0,"ocean_menu_typo_font_size_unit":"px","ocean_menu_typo_font_weight":"","ocean_menu_typo_font_weight_tablet":"","ocean_menu_typo_font_weight_mobile":"","ocean_menu_typo_transform":"","ocean_menu_typo_transform_tablet":"","ocean_menu_typo_transform_mobile":"","ocean_menu_typo_line_height":0,"ocean_menu_typo_line_height_tablet":0,"ocean_menu_typo_line_height_mobile":0,"ocean_menu_typo_line_height_unit":"","ocean_menu_typo_spacing":0,"ocean_menu_typo_spacing_tablet":0,"ocean_menu_typo_spacing_mobile":0,"ocean_menu_typo_spacing_unit":"","ocean_menu_link_color":"","ocean_menu_link_color_hover":"","ocean_menu_link_color_active":"","ocean_menu_link_background":"","ocean_menu_link_hover_background":"","ocean_menu_link_active_background":"","ocean_menu_social_links_bg":"","ocean_menu_social_hover_links_bg":"","ocean_menu_social_links_color":"","ocean_menu_social_hover_links_color":"","ocean_disable_title":"default","ocean_disable_heading":"default","ocean_post_title":"","ocean_post_subheading":"","ocean_post_title_style":"","ocean_post_title_background_color":"","ocean_post_title_background":0,"ocean_post_title_bg_image_position":"","ocean_post_title_bg_image_attachment":"","ocean_post_title_bg_image_repeat":"","ocean_post_title_bg_image_size":"","ocean_post_title_height":0,"ocean_post_title_bg_overlay":0.5,"ocean_post_title_bg_overlay_color":"","ocean_disable_breadcrumbs":"default","ocean_breadcrumbs_color":"","ocean_breadcrumbs_separator_color":"","ocean_breadcrumbs_links_color":"","ocean_breadcrumbs_links_hover_color":"","ocean_display_footer_widgets":"default","ocean_display_footer_bottom":"default","ocean_custom_footer_template":"","footnotes":""},"class_list":["post-250","page","type-page","status-publish","hentry","entry"],"yoast_head":"<!-- This site is optimized with the Yoast SEO plugin v27.4 - https:\/\/yoast.com\/product\/yoast-seo-wordpress\/ -->\n<title>Ateliers d&#039;\u00e9criture - Fred Paronuzzi<\/title>\n<meta name=\"robots\" content=\"index, follow, max-snippet:-1, max-image-preview:large, max-video-preview:-1\" \/>\n<link rel=\"canonical\" href=\"https:\/\/fredparonuzzi.fr\/index.php\/ateliers-decriture\/\" \/>\n<meta property=\"og:locale\" content=\"fr_FR\" \/>\n<meta property=\"og:type\" content=\"article\" \/>\n<meta property=\"og:title\" content=\"Ateliers d&#039;\u00e9criture - Fred Paronuzzi\" \/>\n<meta property=\"og:description\" content=\"Ateliers d&rsquo;\u00e9criture Dessin : Vincent Djinda \u00a0 J&rsquo;anime des ateliers d&rsquo;\u00e9criture en milieu scolaire (\u00e9coles primaires, coll\u00e8ges, lyc\u00e9es professionnels, technologiques et g\u00e9n\u00e9raux), lors de salons du livre et en m\u00e9diath\u00e8ques depuis de nombreuses ann\u00e9es. Plus r\u00e9cemment au sein de Centres Hospitaliers et de CHS.\u00a0 C&rsquo;est un domaine dans lequel je m&rsquo;\u00e9panouis tout particuli\u00e8rement et que [&hellip;]\" \/>\n<meta property=\"og:url\" content=\"https:\/\/fredparonuzzi.fr\/index.php\/ateliers-decriture\/\" \/>\n<meta property=\"og:site_name\" content=\"Fred Paronuzzi\" \/>\n<meta property=\"article:modified_time\" content=\"2024-11-22T15:11:08+00:00\" \/>\n<meta property=\"og:image\" content=\"https:\/\/fredparonuzzi.fr\/wp-content\/uploads\/2024\/03\/dessins-version-base-fonce3.jpg\" \/>\n\t<meta property=\"og:image:width\" content=\"1311\" \/>\n\t<meta property=\"og:image:height\" content=\"719\" \/>\n\t<meta property=\"og:image:type\" content=\"image\/jpeg\" \/>\n<meta name=\"twitter:card\" content=\"summary_large_image\" \/>\n<meta name=\"twitter:label1\" content=\"Dur\u00e9e de lecture estim\u00e9e\" \/>\n\t<meta name=\"twitter:data1\" content=\"2 minutes\" \/>\n<script type=\"application\/ld+json\" class=\"yoast-schema-graph\">{\"@context\":\"https:\\\/\\\/schema.org\",\"@graph\":[{\"@type\":\"WebPage\",\"@id\":\"https:\\\/\\\/fredparonuzzi.fr\\\/index.php\\\/ateliers-decriture\\\/\",\"url\":\"https:\\\/\\\/fredparonuzzi.fr\\\/index.php\\\/ateliers-decriture\\\/\",\"name\":\"Ateliers d'\u00e9criture - Fred Paronuzzi\",\"isPartOf\":{\"@id\":\"https:\\\/\\\/fredparonuzzi.fr\\\/#website\"},\"primaryImageOfPage\":{\"@id\":\"https:\\\/\\\/fredparonuzzi.fr\\\/index.php\\\/ateliers-decriture\\\/#primaryimage\"},\"image\":{\"@id\":\"https:\\\/\\\/fredparonuzzi.fr\\\/index.php\\\/ateliers-decriture\\\/#primaryimage\"},\"thumbnailUrl\":\"https:\\\/\\\/fredparonuzzi.fr\\\/wp-content\\\/uploads\\\/2024\\\/03\\\/dessins-version-base-fonce3-1024x562.jpg\",\"datePublished\":\"2024-03-28T14:07:21+00:00\",\"dateModified\":\"2024-11-22T15:11:08+00:00\",\"breadcrumb\":{\"@id\":\"https:\\\/\\\/fredparonuzzi.fr\\\/index.php\\\/ateliers-decriture\\\/#breadcrumb\"},\"inLanguage\":\"fr-FR\",\"potentialAction\":[{\"@type\":\"ReadAction\",\"target\":[\"https:\\\/\\\/fredparonuzzi.fr\\\/index.php\\\/ateliers-decriture\\\/\"]}]},{\"@type\":\"ImageObject\",\"inLanguage\":\"fr-FR\",\"@id\":\"https:\\\/\\\/fredparonuzzi.fr\\\/index.php\\\/ateliers-decriture\\\/#primaryimage\",\"url\":\"https:\\\/\\\/fredparonuzzi.fr\\\/wp-content\\\/uploads\\\/2024\\\/03\\\/dessins-version-base-fonce3.jpg\",\"contentUrl\":\"https:\\\/\\\/fredparonuzzi.fr\\\/wp-content\\\/uploads\\\/2024\\\/03\\\/dessins-version-base-fonce3.jpg\",\"width\":1311,\"height\":719},{\"@type\":\"BreadcrumbList\",\"@id\":\"https:\\\/\\\/fredparonuzzi.fr\\\/index.php\\\/ateliers-decriture\\\/#breadcrumb\",\"itemListElement\":[{\"@type\":\"ListItem\",\"position\":1,\"name\":\"Accueil\",\"item\":\"https:\\\/\\\/fredparonuzzi.fr\\\/\"},{\"@type\":\"ListItem\",\"position\":2,\"name\":\"Ateliers d&rsquo;\u00e9criture\"}]},{\"@type\":\"WebSite\",\"@id\":\"https:\\\/\\\/fredparonuzzi.fr\\\/#website\",\"url\":\"https:\\\/\\\/fredparonuzzi.fr\\\/\",\"name\":\"Fred Paronuzzi\",\"description\":\"Auteur Ecrivain Sc\u00e9nariste BD Animateur d&#039;ateliers d&#039;\u00e9criture\",\"publisher\":{\"@id\":\"https:\\\/\\\/fredparonuzzi.fr\\\/#\\\/schema\\\/person\\\/656c29a4dc5435d3efe61efeaca5f2b3\"},\"potentialAction\":[{\"@type\":\"SearchAction\",\"target\":{\"@type\":\"EntryPoint\",\"urlTemplate\":\"https:\\\/\\\/fredparonuzzi.fr\\\/?s={search_term_string}\"},\"query-input\":{\"@type\":\"PropertyValueSpecification\",\"valueRequired\":true,\"valueName\":\"search_term_string\"}}],\"inLanguage\":\"fr-FR\"},{\"@type\":[\"Person\",\"Organization\"],\"@id\":\"https:\\\/\\\/fredparonuzzi.fr\\\/#\\\/schema\\\/person\\\/656c29a4dc5435d3efe61efeaca5f2b3\",\"name\":\"Fred\",\"image\":{\"@type\":\"ImageObject\",\"inLanguage\":\"fr-FR\",\"@id\":\"https:\\\/\\\/fredparonuzzi.fr\\\/wp-content\\\/uploads\\\/2024\\\/03\\\/DSC_0241-scaled.jpg\",\"url\":\"https:\\\/\\\/fredparonuzzi.fr\\\/wp-content\\\/uploads\\\/2024\\\/03\\\/DSC_0241-scaled.jpg\",\"contentUrl\":\"https:\\\/\\\/fredparonuzzi.fr\\\/wp-content\\\/uploads\\\/2024\\\/03\\\/DSC_0241-scaled.jpg\",\"width\":1881,\"height\":2560,\"caption\":\"Fred\"},\"logo\":{\"@id\":\"https:\\\/\\\/fredparonuzzi.fr\\\/wp-content\\\/uploads\\\/2024\\\/03\\\/DSC_0241-scaled.jpg\"},\"sameAs\":[\"http:\\\/\\\/fredparonuzzi.fr\"]}]}<\/script>\n<!-- \/ Yoast SEO plugin. -->","yoast_head_json":{"title":"Ateliers d'\u00e9criture - Fred Paronuzzi","robots":{"index":"index","follow":"follow","max-snippet":"max-snippet:-1","max-image-preview":"max-image-preview:large","max-video-preview":"max-video-preview:-1"},"canonical":"https:\/\/fredparonuzzi.fr\/index.php\/ateliers-decriture\/","og_locale":"fr_FR","og_type":"article","og_title":"Ateliers d'\u00e9criture - Fred Paronuzzi","og_description":"Ateliers d&rsquo;\u00e9criture Dessin : Vincent Djinda \u00a0 J&rsquo;anime des ateliers d&rsquo;\u00e9criture en milieu scolaire (\u00e9coles primaires, coll\u00e8ges, lyc\u00e9es professionnels, technologiques et g\u00e9n\u00e9raux), lors de salons du livre et en m\u00e9diath\u00e8ques depuis de nombreuses ann\u00e9es. Plus r\u00e9cemment au sein de Centres Hospitaliers et de CHS.\u00a0 C&rsquo;est un domaine dans lequel je m&rsquo;\u00e9panouis tout particuli\u00e8rement et que [&hellip;]","og_url":"https:\/\/fredparonuzzi.fr\/index.php\/ateliers-decriture\/","og_site_name":"Fred Paronuzzi","article_modified_time":"2024-11-22T15:11:08+00:00","og_image":[{"width":1311,"height":719,"url":"https:\/\/fredparonuzzi.fr\/wp-content\/uploads\/2024\/03\/dessins-version-base-fonce3.jpg","type":"image\/jpeg"}],"twitter_card":"summary_large_image","twitter_misc":{"Dur\u00e9e de lecture estim\u00e9e":"2 minutes"},"schema":{"@context":"https:\/\/schema.org","@graph":[{"@type":"WebPage","@id":"https:\/\/fredparonuzzi.fr\/index.php\/ateliers-decriture\/","url":"https:\/\/fredparonuzzi.fr\/index.php\/ateliers-decriture\/","name":"Ateliers d'\u00e9criture - Fred Paronuzzi","isPartOf":{"@id":"https:\/\/fredparonuzzi.fr\/#website"},"primaryImageOfPage":{"@id":"https:\/\/fredparonuzzi.fr\/index.php\/ateliers-decriture\/#primaryimage"},"image":{"@id":"https:\/\/fredparonuzzi.fr\/index.php\/ateliers-decriture\/#primaryimage"},"thumbnailUrl":"https:\/\/fredparonuzzi.fr\/wp-content\/uploads\/2024\/03\/dessins-version-base-fonce3-1024x562.jpg","datePublished":"2024-03-28T14:07:21+00:00","dateModified":"2024-11-22T15:11:08+00:00","breadcrumb":{"@id":"https:\/\/fredparonuzzi.fr\/index.php\/ateliers-decriture\/#breadcrumb"},"inLanguage":"fr-FR","potentialAction":[{"@type":"ReadAction","target":["https:\/\/fredparonuzzi.fr\/index.php\/ateliers-decriture\/"]}]},{"@type":"ImageObject","inLanguage":"fr-FR","@id":"https:\/\/fredparonuzzi.fr\/index.php\/ateliers-decriture\/#primaryimage","url":"https:\/\/fredparonuzzi.fr\/wp-content\/uploads\/2024\/03\/dessins-version-base-fonce3.jpg","contentUrl":"https:\/\/fredparonuzzi.fr\/wp-content\/uploads\/2024\/03\/dessins-version-base-fonce3.jpg","width":1311,"height":719},{"@type":"BreadcrumbList","@id":"https:\/\/fredparonuzzi.fr\/index.php\/ateliers-decriture\/#breadcrumb","itemListElement":[{"@type":"ListItem","position":1,"name":"Accueil","item":"https:\/\/fredparonuzzi.fr\/"},{"@type":"ListItem","position":2,"name":"Ateliers d&rsquo;\u00e9criture"}]},{"@type":"WebSite","@id":"https:\/\/fredparonuzzi.fr\/#website","url":"https:\/\/fredparonuzzi.fr\/","name":"Fred Paronuzzi","description":"Auteur Ecrivain Sc\u00e9nariste BD Animateur d&#039;ateliers d&#039;\u00e9criture","publisher":{"@id":"https:\/\/fredparonuzzi.fr\/#\/schema\/person\/656c29a4dc5435d3efe61efeaca5f2b3"},"potentialAction":[{"@type":"SearchAction","target":{"@type":"EntryPoint","urlTemplate":"https:\/\/fredparonuzzi.fr\/?s={search_term_string}"},"query-input":{"@type":"PropertyValueSpecification","valueRequired":true,"valueName":"search_term_string"}}],"inLanguage":"fr-FR"},{"@type":["Person","Organization"],"@id":"https:\/\/fredparonuzzi.fr\/#\/schema\/person\/656c29a4dc5435d3efe61efeaca5f2b3","name":"Fred","image":{"@type":"ImageObject","inLanguage":"fr-FR","@id":"https:\/\/fredparonuzzi.fr\/wp-content\/uploads\/2024\/03\/DSC_0241-scaled.jpg","url":"https:\/\/fredparonuzzi.fr\/wp-content\/uploads\/2024\/03\/DSC_0241-scaled.jpg","contentUrl":"https:\/\/fredparonuzzi.fr\/wp-content\/uploads\/2024\/03\/DSC_0241-scaled.jpg","width":1881,"height":2560,"caption":"Fred"},"logo":{"@id":"https:\/\/fredparonuzzi.fr\/wp-content\/uploads\/2024\/03\/DSC_0241-scaled.jpg"},"sameAs":["http:\/\/fredparonuzzi.fr"]}]}},"_links":{"self":[{"href":"https:\/\/fredparonuzzi.fr\/index.php\/wp-json\/wp\/v2\/pages\/250","targetHints":{"allow":["GET"]}}],"collection":[{"href":"https:\/\/fredparonuzzi.fr\/index.php\/wp-json\/wp\/v2\/pages"}],"about":[{"href":"https:\/\/fredparonuzzi.fr\/index.php\/wp-json\/wp\/v2\/types\/page"}],"author":[{"embeddable":true,"href":"https:\/\/fredparonuzzi.fr\/index.php\/wp-json\/wp\/v2\/users\/1"}],"replies":[{"embeddable":true,"href":"https:\/\/fredparonuzzi.fr\/index.php\/wp-json\/wp\/v2\/comments?post=250"}],"version-history":[{"count":91,"href":"https:\/\/fredparonuzzi.fr\/index.php\/wp-json\/wp\/v2\/pages\/250\/revisions"}],"predecessor-version":[{"id":1806,"href":"https:\/\/fredparonuzzi.fr\/index.php\/wp-json\/wp\/v2\/pages\/250\/revisions\/1806"}],"wp:attachment":[{"href":"https:\/\/fredparonuzzi.fr\/index.php\/wp-json\/wp\/v2\/media?parent=250"}],"curies":[{"name":"wp","href":"https:\/\/api.w.org\/{rel}","templated":true}]}}