{"id":46,"date":"2024-03-20T20:55:06","date_gmt":"2024-03-20T20:55:06","guid":{"rendered":"http:\/\/fredparonuzzi.fr\/?page_id=46"},"modified":"2024-05-27T13:43:24","modified_gmt":"2024-05-27T13:43:24","slug":"textes-inedits","status":"publish","type":"page","link":"https:\/\/fredparonuzzi.fr\/index.php\/textes-inedits\/","title":{"rendered":"Textes in\u00e9dits"},"content":{"rendered":"\t\t<div data-elementor-type=\"wp-page\" data-elementor-id=\"46\" class=\"elementor elementor-46\">\n\t\t\t\t<div class=\"elementor-element elementor-element-941ba38 e-con-full e-flex e-con e-parent\" data-id=\"941ba38\" data-element_type=\"container\" data-e-type=\"container\">\n\t\t\t\t<div class=\"elementor-element elementor-element-4a60c08 elementor-widget elementor-widget-heading\" data-id=\"4a60c08\" data-element_type=\"widget\" data-e-type=\"widget\" data-widget_type=\"heading.default\">\n\t\t\t\t<div class=\"elementor-widget-container\">\n\t\t\t\t\t<h2 class=\"elementor-heading-title elementor-size-default\">Textes in\u00e9dits<br><br><\/h2>\t\t\t\t<\/div>\n\t\t\t\t<\/div>\n\t\t\t\t<div class=\"elementor-element elementor-element-3ba5cc4 elementor-widget elementor-widget-image\" data-id=\"3ba5cc4\" data-element_type=\"widget\" data-e-type=\"widget\" data-widget_type=\"image.default\">\n\t\t\t\t<div class=\"elementor-widget-container\">\n\t\t\t\t\t\t\t\t\t\t\t\t\t\t\t<img fetchpriority=\"high\" decoding=\"async\" width=\"1002\" height=\"952\" src=\"https:\/\/fredparonuzzi.fr\/wp-content\/uploads\/2024\/05\/dessins-version-base-fonce2-1.jpg\" class=\"attachment-large size-large wp-image-1091\" alt=\"\" srcset=\"https:\/\/fredparonuzzi.fr\/wp-content\/uploads\/2024\/05\/dessins-version-base-fonce2-1.jpg 1002w, https:\/\/fredparonuzzi.fr\/wp-content\/uploads\/2024\/05\/dessins-version-base-fonce2-1-300x285.jpg 300w, https:\/\/fredparonuzzi.fr\/wp-content\/uploads\/2024\/05\/dessins-version-base-fonce2-1-768x730.jpg 768w\" sizes=\"(max-width: 1002px) 100vw, 1002px\" \/>\t\t\t\t\t\t\t\t\t\t\t\t\t\t\t<\/div>\n\t\t\t\t<\/div>\n\t\t\t\t<\/div>\n\t\t<div class=\"elementor-element elementor-element-371caaf e-flex e-con-boxed e-con e-parent\" data-id=\"371caaf\" data-element_type=\"container\" data-e-type=\"container\">\n\t\t\t\t\t<div class=\"e-con-inner\">\n\t\t\t\t<div class=\"elementor-element elementor-element-3cce7bc elementor-widget elementor-widget-text-editor\" data-id=\"3cce7bc\" data-element_type=\"widget\" data-e-type=\"widget\" data-widget_type=\"text-editor.default\">\n\t\t\t\t<div class=\"elementor-widget-container\">\n\t\t\t\t\t\t\t\t\t<p>Dessin : Vincent Djinda<\/p>\t\t\t\t\t\t\t\t<\/div>\n\t\t\t\t<\/div>\n\t\t\t\t<div class=\"elementor-element elementor-element-8bbce37 elementor-widget elementor-widget-text-editor\" data-id=\"8bbce37\" data-element_type=\"widget\" data-e-type=\"widget\" data-widget_type=\"text-editor.default\">\n\t\t\t\t<div class=\"elementor-widget-container\">\n\t\t\t\t\t\t\t\t\t<p>Textes \u00e9puis\u00e9s, textes in\u00e9dits, fl\u00e2neries litt\u00e9raires et &#8211; parfois, peut-\u00eatre &#8211; po\u00e9tiques, livr\u00e9s en vrac, sans pr\u00e9tention, sans fausse pudeur non plus.<\/p><p>Et puissent le promeneur &#8211; solitaire ou pas -, la passante o\u00f9 les simples curieux y trouver un petit plaisir, une douceur, une amusette fugace !<\/p><p><i>(Il est possible d&rsquo;\u00eatre inform\u00e9 de la publication des textes in\u00e9dits en s&rsquo;abonnant \u00e0 la newsletter, voir bas de page.)<\/i><\/p>\t\t\t\t\t\t\t\t<\/div>\n\t\t\t\t<\/div>\n\t\t\t\t\t<\/div>\n\t\t\t\t<\/div>\n\t\t<div class=\"elementor-element elementor-element-c915306 e-flex e-con-boxed e-con e-parent\" data-id=\"c915306\" data-element_type=\"container\" data-e-type=\"container\">\n\t\t\t\t\t<div class=\"e-con-inner\">\n\t\t\t\t<div class=\"elementor-element elementor-element-573ecd0 elementor-grid-eael-col-4 elementor-grid-tablet-eael-col-2 elementor-grid-mobile-eael-col-1 elementor-widget elementor-widget-eael-post-grid\" data-id=\"573ecd0\" data-element_type=\"widget\" data-e-type=\"widget\" data-settings=\"{&quot;eael_post_grid_columns&quot;:&quot;eael-col-4&quot;,&quot;eael_post_grid_columns_tablet&quot;:&quot;eael-col-2&quot;,&quot;eael_post_grid_columns_mobile&quot;:&quot;eael-col-1&quot;}\" data-widget_type=\"eael-post-grid.default\">\n\t\t\t\t<div class=\"elementor-widget-container\">\n\t\t\t\t\t<div id=\"eael-post-grid-573ecd0\" class=\"eael-post-grid-container\">\n            <div class=\"eael-post-grid eael-post-appender eael-post-appender-573ecd0 eael-post-grid-style-one\" data-layout-mode=\"masonry\"><article class=\"eael-grid-post  eael-post-grid-column eael-pg-post-1634 category-textes-inedits tags-recit\" data-id=\"1634\">\n        <div class=\"eael-grid-post-holder\">\n            <div class=\"eael-grid-post-holder-inner\"><div class=\"eael-entry-media\"><div class=\"eael-entry-overlay fade-in\"><i class=\"fas fa-long-arrow-alt-right\" aria-hidden=\"true\"><\/i><a href=\"https:\/\/fredparonuzzi.fr\/index.php\/2024\/05\/05\/mai-2024-2\/\"><\/a><\/div><div class=\"eael-entry-thumbnail \">\n                <img decoding=\"async\" width=\"725\" height=\"1024\" src=\"https:\/\/fredparonuzzi.fr\/wp-content\/uploads\/2024\/05\/ACE-Scanner_2024_05_07_page-0001-725x1024.jpg\" class=\"attachment-large size-large wp-image-1676\" alt=\"\" srcset=\"https:\/\/fredparonuzzi.fr\/wp-content\/uploads\/2024\/05\/ACE-Scanner_2024_05_07_page-0001-725x1024.jpg 725w, https:\/\/fredparonuzzi.fr\/wp-content\/uploads\/2024\/05\/ACE-Scanner_2024_05_07_page-0001-212x300.jpg 212w, https:\/\/fredparonuzzi.fr\/wp-content\/uploads\/2024\/05\/ACE-Scanner_2024_05_07_page-0001-768x1085.jpg 768w, https:\/\/fredparonuzzi.fr\/wp-content\/uploads\/2024\/05\/ACE-Scanner_2024_05_07_page-0001-1087x1536.jpg 1087w, https:\/\/fredparonuzzi.fr\/wp-content\/uploads\/2024\/05\/ACE-Scanner_2024_05_07_page-0001.jpg 1241w\" sizes=\"(max-width: 725px) 100vw, 725px\" \/>\n            <\/div>\n        <\/div><div class=\"eael-entry-wrapper\"><header class=\"eael-entry-header\"><h2 class=\"eael-entry-title\"><a class=\"eael-grid-post-link\" href=\"https:\/\/fredparonuzzi.fr\/index.php\/2024\/05\/05\/mai-2024-2\/\" title=\"Texte de 2003\">Texte de 2003<\/a><\/h2><\/header><div class=\"eael-entry-content\">\n                        <div class=\"eael-grid-post-excerpt\"><p>T&rsquo;as l&rsquo;air heureux, Fred ! Carte blanche \u00e9crite \u00e0 la demande du Dilettante pour la sortie de...<\/p><\/div>\n                    <\/div><div class=\"eael-entry-footer\"><div class=\"eael-entry-meta\"><\/div><\/div><\/div><\/div>\n        <\/div>\n    <\/article><article class=\"eael-grid-post  eael-post-grid-column eael-pg-post-973 category-textes-inedits tags-fragments\" data-id=\"973\">\n        <div class=\"eael-grid-post-holder\">\n            <div class=\"eael-grid-post-holder-inner\"><div class=\"eael-entry-media\"><div class=\"eael-entry-overlay fade-in\"><i class=\"fas fa-long-arrow-alt-right\" aria-hidden=\"true\"><\/i><a href=\"https:\/\/fredparonuzzi.fr\/index.php\/2024\/04\/01\/mai-2024\/\"><\/a><\/div><div class=\"eael-entry-thumbnail \">\n                <img decoding=\"async\" width=\"1024\" height=\"562\" src=\"https:\/\/fredparonuzzi.fr\/wp-content\/uploads\/2024\/04\/dessins-version-base-fonce3-1024x562.jpg\" class=\"attachment-large size-large wp-image-977\" alt=\"\" srcset=\"https:\/\/fredparonuzzi.fr\/wp-content\/uploads\/2024\/04\/dessins-version-base-fonce3-1024x562.jpg 1024w, https:\/\/fredparonuzzi.fr\/wp-content\/uploads\/2024\/04\/dessins-version-base-fonce3-300x165.jpg 300w, https:\/\/fredparonuzzi.fr\/wp-content\/uploads\/2024\/04\/dessins-version-base-fonce3-768x421.jpg 768w, https:\/\/fredparonuzzi.fr\/wp-content\/uploads\/2024\/04\/dessins-version-base-fonce3.jpg 1311w\" sizes=\"(max-width: 1024px) 100vw, 1024px\" \/>\n            <\/div>\n        <\/div><div class=\"eael-entry-wrapper\"><header class=\"eael-entry-header\"><h2 class=\"eael-entry-title\"><a class=\"eael-grid-post-link\" href=\"https:\/\/fredparonuzzi.fr\/index.php\/2024\/04\/01\/mai-2024\/\" title=\"Avril 2024\">Avril 2024<\/a><\/h2><\/header><div class=\"eael-entry-content\">\n                        <div class=\"eael-grid-post-excerpt\"><p>Barbarie (chemin de Compostelle, avril 2024) Nous marchons et notre pas jusqu\u2019ici a\u00e9rien se fait soudain lourd....<\/p><\/div>\n                    <\/div><div class=\"eael-entry-footer\"><div class=\"eael-entry-meta\"><\/div><\/div><\/div><\/div>\n        <\/div>\n    <\/article><\/div>\n            <div class=\"clearfix\"><\/div>\n        <\/div>\t\t\t\t<\/div>\n\t\t\t\t<\/div>\n\t\t\t\t\t<\/div>\n\t\t\t\t<\/div>\n\t\t\t\t<\/div>\n\t\t","protected":false},"excerpt":{"rendered":"<p>Textes in\u00e9dits Dessin : Vincent Djinda Textes \u00e9puis\u00e9s, textes in\u00e9dits, fl\u00e2neries litt\u00e9raires et &#8211; parfois, peut-\u00eatre &#8211; po\u00e9tiques, livr\u00e9s en vrac, sans pr\u00e9tention, sans fausse pudeur non plus. Et puissent le promeneur &#8211; solitaire ou pas -, la passante o\u00f9 les simples curieux y trouver un petit plaisir, une douceur, une amusette fugace ! (Il [&hellip;]<\/p>\n","protected":false},"author":1,"featured_media":0,"parent":0,"menu_order":0,"comment_status":"closed","ping_status":"closed","template":"","meta":{"ocean_post_layout":"","ocean_both_sidebars_style":"","ocean_both_sidebars_content_width":0,"ocean_both_sidebars_sidebars_width":0,"ocean_sidebar":"","ocean_second_sidebar":"","ocean_disable_margins":"enable","ocean_add_body_class":"","ocean_shortcode_before_top_bar":"","ocean_shortcode_after_top_bar":"","ocean_shortcode_before_header":"","ocean_shortcode_after_header":"","ocean_has_shortcode":"","ocean_shortcode_after_title":"","ocean_shortcode_before_footer_widgets":"","ocean_shortcode_after_footer_widgets":"","ocean_shortcode_before_footer_bottom":"","ocean_shortcode_after_footer_bottom":"","ocean_display_top_bar":"default","ocean_display_header":"default","ocean_header_style":"","ocean_center_header_left_menu":"","ocean_custom_header_template":"","ocean_custom_logo":0,"ocean_custom_retina_logo":0,"ocean_custom_logo_max_width":0,"ocean_custom_logo_tablet_max_width":0,"ocean_custom_logo_mobile_max_width":0,"ocean_custom_logo_max_height":0,"ocean_custom_logo_tablet_max_height":0,"ocean_custom_logo_mobile_max_height":0,"ocean_header_custom_menu":"","ocean_menu_typo_font_family":"","ocean_menu_typo_font_subset":"","ocean_menu_typo_font_size":0,"ocean_menu_typo_font_size_tablet":0,"ocean_menu_typo_font_size_mobile":0,"ocean_menu_typo_font_size_unit":"px","ocean_menu_typo_font_weight":"","ocean_menu_typo_font_weight_tablet":"","ocean_menu_typo_font_weight_mobile":"","ocean_menu_typo_transform":"","ocean_menu_typo_transform_tablet":"","ocean_menu_typo_transform_mobile":"","ocean_menu_typo_line_height":0,"ocean_menu_typo_line_height_tablet":0,"ocean_menu_typo_line_height_mobile":0,"ocean_menu_typo_line_height_unit":"","ocean_menu_typo_spacing":0,"ocean_menu_typo_spacing_tablet":0,"ocean_menu_typo_spacing_mobile":0,"ocean_menu_typo_spacing_unit":"","ocean_menu_link_color":"","ocean_menu_link_color_hover":"","ocean_menu_link_color_active":"","ocean_menu_link_background":"","ocean_menu_link_hover_background":"","ocean_menu_link_active_background":"","ocean_menu_social_links_bg":"","ocean_menu_social_hover_links_bg":"","ocean_menu_social_links_color":"","ocean_menu_social_hover_links_color":"","ocean_disable_title":"default","ocean_disable_heading":"default","ocean_post_title":"","ocean_post_subheading":"","ocean_post_title_style":"","ocean_post_title_background_color":"","ocean_post_title_background":0,"ocean_post_title_bg_image_position":"","ocean_post_title_bg_image_attachment":"","ocean_post_title_bg_image_repeat":"","ocean_post_title_bg_image_size":"","ocean_post_title_height":0,"ocean_post_title_bg_overlay":0.5,"ocean_post_title_bg_overlay_color":"","ocean_disable_breadcrumbs":"default","ocean_breadcrumbs_color":"","ocean_breadcrumbs_separator_color":"","ocean_breadcrumbs_links_color":"","ocean_breadcrumbs_links_hover_color":"","ocean_display_footer_widgets":"default","ocean_display_footer_bottom":"default","ocean_custom_footer_template":"","footnotes":""},"class_list":["post-46","page","type-page","status-publish","hentry","entry","has-media"],"yoast_head":"<!-- This site is optimized with the Yoast SEO plugin v27.4 - https:\/\/yoast.com\/product\/yoast-seo-wordpress\/ -->\n<title>Textes in\u00e9dits - Fred Paronuzzi<\/title>\n<meta name=\"robots\" content=\"index, follow, max-snippet:-1, max-image-preview:large, max-video-preview:-1\" \/>\n<link rel=\"canonical\" href=\"https:\/\/fredparonuzzi.fr\/index.php\/textes-inedits\/\" \/>\n<meta property=\"og:locale\" content=\"fr_FR\" \/>\n<meta property=\"og:type\" content=\"article\" \/>\n<meta property=\"og:title\" content=\"Textes in\u00e9dits - Fred Paronuzzi\" \/>\n<meta property=\"og:description\" content=\"Textes in\u00e9dits Dessin : Vincent Djinda Textes \u00e9puis\u00e9s, textes in\u00e9dits, fl\u00e2neries litt\u00e9raires et &#8211; parfois, peut-\u00eatre &#8211; po\u00e9tiques, livr\u00e9s en vrac, sans pr\u00e9tention, sans fausse pudeur non plus. Et puissent le promeneur &#8211; solitaire ou pas -, la passante o\u00f9 les simples curieux y trouver un petit plaisir, une douceur, une amusette fugace ! (Il [&hellip;]\" \/>\n<meta property=\"og:url\" content=\"https:\/\/fredparonuzzi.fr\/index.php\/textes-inedits\/\" \/>\n<meta property=\"og:site_name\" content=\"Fred Paronuzzi\" \/>\n<meta property=\"article:modified_time\" content=\"2024-05-27T13:43:24+00:00\" \/>\n<meta property=\"og:image\" content=\"https:\/\/fredparonuzzi.fr\/wp-content\/uploads\/2024\/05\/dessins-version-base-fonce2-1.jpg\" \/>\n<meta name=\"twitter:card\" content=\"summary_large_image\" \/>\n<meta name=\"twitter:label1\" content=\"Dur\u00e9e de lecture estim\u00e9e\" \/>\n\t<meta name=\"twitter:data1\" content=\"2 minutes\" \/>\n<script type=\"application\/ld+json\" class=\"yoast-schema-graph\">{\"@context\":\"https:\\\/\\\/schema.org\",\"@graph\":[{\"@type\":\"WebPage\",\"@id\":\"https:\\\/\\\/fredparonuzzi.fr\\\/index.php\\\/textes-inedits\\\/\",\"url\":\"https:\\\/\\\/fredparonuzzi.fr\\\/index.php\\\/textes-inedits\\\/\",\"name\":\"Textes in\u00e9dits - Fred Paronuzzi\",\"isPartOf\":{\"@id\":\"https:\\\/\\\/fredparonuzzi.fr\\\/#website\"},\"primaryImageOfPage\":{\"@id\":\"https:\\\/\\\/fredparonuzzi.fr\\\/index.php\\\/textes-inedits\\\/#primaryimage\"},\"image\":{\"@id\":\"https:\\\/\\\/fredparonuzzi.fr\\\/index.php\\\/textes-inedits\\\/#primaryimage\"},\"thumbnailUrl\":\"https:\\\/\\\/fredparonuzzi.fr\\\/wp-content\\\/uploads\\\/2024\\\/05\\\/dessins-version-base-fonce2-1.jpg\",\"datePublished\":\"2024-03-20T20:55:06+00:00\",\"dateModified\":\"2024-05-27T13:43:24+00:00\",\"breadcrumb\":{\"@id\":\"https:\\\/\\\/fredparonuzzi.fr\\\/index.php\\\/textes-inedits\\\/#breadcrumb\"},\"inLanguage\":\"fr-FR\",\"potentialAction\":[{\"@type\":\"ReadAction\",\"target\":[\"https:\\\/\\\/fredparonuzzi.fr\\\/index.php\\\/textes-inedits\\\/\"]}]},{\"@type\":\"ImageObject\",\"inLanguage\":\"fr-FR\",\"@id\":\"https:\\\/\\\/fredparonuzzi.fr\\\/index.php\\\/textes-inedits\\\/#primaryimage\",\"url\":\"https:\\\/\\\/fredparonuzzi.fr\\\/wp-content\\\/uploads\\\/2024\\\/05\\\/dessins-version-base-fonce2-1.jpg\",\"contentUrl\":\"https:\\\/\\\/fredparonuzzi.fr\\\/wp-content\\\/uploads\\\/2024\\\/05\\\/dessins-version-base-fonce2-1.jpg\",\"width\":1002,\"height\":952},{\"@type\":\"BreadcrumbList\",\"@id\":\"https:\\\/\\\/fredparonuzzi.fr\\\/index.php\\\/textes-inedits\\\/#breadcrumb\",\"itemListElement\":[{\"@type\":\"ListItem\",\"position\":1,\"name\":\"Accueil\",\"item\":\"https:\\\/\\\/fredparonuzzi.fr\\\/\"},{\"@type\":\"ListItem\",\"position\":2,\"name\":\"Textes in\u00e9dits\"}]},{\"@type\":\"WebSite\",\"@id\":\"https:\\\/\\\/fredparonuzzi.fr\\\/#website\",\"url\":\"https:\\\/\\\/fredparonuzzi.fr\\\/\",\"name\":\"Fred Paronuzzi\",\"description\":\"Auteur Ecrivain Sc\u00e9nariste BD Animateur d&#039;ateliers d&#039;\u00e9criture\",\"publisher\":{\"@id\":\"https:\\\/\\\/fredparonuzzi.fr\\\/#\\\/schema\\\/person\\\/656c29a4dc5435d3efe61efeaca5f2b3\"},\"potentialAction\":[{\"@type\":\"SearchAction\",\"target\":{\"@type\":\"EntryPoint\",\"urlTemplate\":\"https:\\\/\\\/fredparonuzzi.fr\\\/?s={search_term_string}\"},\"query-input\":{\"@type\":\"PropertyValueSpecification\",\"valueRequired\":true,\"valueName\":\"search_term_string\"}}],\"inLanguage\":\"fr-FR\"},{\"@type\":[\"Person\",\"Organization\"],\"@id\":\"https:\\\/\\\/fredparonuzzi.fr\\\/#\\\/schema\\\/person\\\/656c29a4dc5435d3efe61efeaca5f2b3\",\"name\":\"Fred\",\"image\":{\"@type\":\"ImageObject\",\"inLanguage\":\"fr-FR\",\"@id\":\"https:\\\/\\\/fredparonuzzi.fr\\\/wp-content\\\/uploads\\\/2024\\\/03\\\/DSC_0241-scaled.jpg\",\"url\":\"https:\\\/\\\/fredparonuzzi.fr\\\/wp-content\\\/uploads\\\/2024\\\/03\\\/DSC_0241-scaled.jpg\",\"contentUrl\":\"https:\\\/\\\/fredparonuzzi.fr\\\/wp-content\\\/uploads\\\/2024\\\/03\\\/DSC_0241-scaled.jpg\",\"width\":1881,\"height\":2560,\"caption\":\"Fred\"},\"logo\":{\"@id\":\"https:\\\/\\\/fredparonuzzi.fr\\\/wp-content\\\/uploads\\\/2024\\\/03\\\/DSC_0241-scaled.jpg\"},\"sameAs\":[\"http:\\\/\\\/fredparonuzzi.fr\"]}]}<\/script>\n<!-- \/ Yoast SEO plugin. -->","yoast_head_json":{"title":"Textes in\u00e9dits - Fred Paronuzzi","robots":{"index":"index","follow":"follow","max-snippet":"max-snippet:-1","max-image-preview":"max-image-preview:large","max-video-preview":"max-video-preview:-1"},"canonical":"https:\/\/fredparonuzzi.fr\/index.php\/textes-inedits\/","og_locale":"fr_FR","og_type":"article","og_title":"Textes in\u00e9dits - Fred Paronuzzi","og_description":"Textes in\u00e9dits Dessin : Vincent Djinda Textes \u00e9puis\u00e9s, textes in\u00e9dits, fl\u00e2neries litt\u00e9raires et &#8211; parfois, peut-\u00eatre &#8211; po\u00e9tiques, livr\u00e9s en vrac, sans pr\u00e9tention, sans fausse pudeur non plus. Et puissent le promeneur &#8211; solitaire ou pas -, la passante o\u00f9 les simples curieux y trouver un petit plaisir, une douceur, une amusette fugace ! (Il [&hellip;]","og_url":"https:\/\/fredparonuzzi.fr\/index.php\/textes-inedits\/","og_site_name":"Fred Paronuzzi","article_modified_time":"2024-05-27T13:43:24+00:00","og_image":[{"url":"https:\/\/fredparonuzzi.fr\/wp-content\/uploads\/2024\/05\/dessins-version-base-fonce2-1.jpg","type":"","width":"","height":""}],"twitter_card":"summary_large_image","twitter_misc":{"Dur\u00e9e de lecture estim\u00e9e":"2 minutes"},"schema":{"@context":"https:\/\/schema.org","@graph":[{"@type":"WebPage","@id":"https:\/\/fredparonuzzi.fr\/index.php\/textes-inedits\/","url":"https:\/\/fredparonuzzi.fr\/index.php\/textes-inedits\/","name":"Textes in\u00e9dits - Fred Paronuzzi","isPartOf":{"@id":"https:\/\/fredparonuzzi.fr\/#website"},"primaryImageOfPage":{"@id":"https:\/\/fredparonuzzi.fr\/index.php\/textes-inedits\/#primaryimage"},"image":{"@id":"https:\/\/fredparonuzzi.fr\/index.php\/textes-inedits\/#primaryimage"},"thumbnailUrl":"https:\/\/fredparonuzzi.fr\/wp-content\/uploads\/2024\/05\/dessins-version-base-fonce2-1.jpg","datePublished":"2024-03-20T20:55:06+00:00","dateModified":"2024-05-27T13:43:24+00:00","breadcrumb":{"@id":"https:\/\/fredparonuzzi.fr\/index.php\/textes-inedits\/#breadcrumb"},"inLanguage":"fr-FR","potentialAction":[{"@type":"ReadAction","target":["https:\/\/fredparonuzzi.fr\/index.php\/textes-inedits\/"]}]},{"@type":"ImageObject","inLanguage":"fr-FR","@id":"https:\/\/fredparonuzzi.fr\/index.php\/textes-inedits\/#primaryimage","url":"https:\/\/fredparonuzzi.fr\/wp-content\/uploads\/2024\/05\/dessins-version-base-fonce2-1.jpg","contentUrl":"https:\/\/fredparonuzzi.fr\/wp-content\/uploads\/2024\/05\/dessins-version-base-fonce2-1.jpg","width":1002,"height":952},{"@type":"BreadcrumbList","@id":"https:\/\/fredparonuzzi.fr\/index.php\/textes-inedits\/#breadcrumb","itemListElement":[{"@type":"ListItem","position":1,"name":"Accueil","item":"https:\/\/fredparonuzzi.fr\/"},{"@type":"ListItem","position":2,"name":"Textes in\u00e9dits"}]},{"@type":"WebSite","@id":"https:\/\/fredparonuzzi.fr\/#website","url":"https:\/\/fredparonuzzi.fr\/","name":"Fred Paronuzzi","description":"Auteur Ecrivain Sc\u00e9nariste BD Animateur d&#039;ateliers d&#039;\u00e9criture","publisher":{"@id":"https:\/\/fredparonuzzi.fr\/#\/schema\/person\/656c29a4dc5435d3efe61efeaca5f2b3"},"potentialAction":[{"@type":"SearchAction","target":{"@type":"EntryPoint","urlTemplate":"https:\/\/fredparonuzzi.fr\/?s={search_term_string}"},"query-input":{"@type":"PropertyValueSpecification","valueRequired":true,"valueName":"search_term_string"}}],"inLanguage":"fr-FR"},{"@type":["Person","Organization"],"@id":"https:\/\/fredparonuzzi.fr\/#\/schema\/person\/656c29a4dc5435d3efe61efeaca5f2b3","name":"Fred","image":{"@type":"ImageObject","inLanguage":"fr-FR","@id":"https:\/\/fredparonuzzi.fr\/wp-content\/uploads\/2024\/03\/DSC_0241-scaled.jpg","url":"https:\/\/fredparonuzzi.fr\/wp-content\/uploads\/2024\/03\/DSC_0241-scaled.jpg","contentUrl":"https:\/\/fredparonuzzi.fr\/wp-content\/uploads\/2024\/03\/DSC_0241-scaled.jpg","width":1881,"height":2560,"caption":"Fred"},"logo":{"@id":"https:\/\/fredparonuzzi.fr\/wp-content\/uploads\/2024\/03\/DSC_0241-scaled.jpg"},"sameAs":["http:\/\/fredparonuzzi.fr"]}]}},"_links":{"self":[{"href":"https:\/\/fredparonuzzi.fr\/index.php\/wp-json\/wp\/v2\/pages\/46","targetHints":{"allow":["GET"]}}],"collection":[{"href":"https:\/\/fredparonuzzi.fr\/index.php\/wp-json\/wp\/v2\/pages"}],"about":[{"href":"https:\/\/fredparonuzzi.fr\/index.php\/wp-json\/wp\/v2\/types\/page"}],"author":[{"embeddable":true,"href":"https:\/\/fredparonuzzi.fr\/index.php\/wp-json\/wp\/v2\/users\/1"}],"replies":[{"embeddable":true,"href":"https:\/\/fredparonuzzi.fr\/index.php\/wp-json\/wp\/v2\/comments?post=46"}],"version-history":[{"count":79,"href":"https:\/\/fredparonuzzi.fr\/index.php\/wp-json\/wp\/v2\/pages\/46\/revisions"}],"predecessor-version":[{"id":1742,"href":"https:\/\/fredparonuzzi.fr\/index.php\/wp-json\/wp\/v2\/pages\/46\/revisions\/1742"}],"wp:attachment":[{"href":"https:\/\/fredparonuzzi.fr\/index.php\/wp-json\/wp\/v2\/media?parent=46"}],"curies":[{"name":"wp","href":"https:\/\/api.w.org\/{rel}","templated":true}]}}